ivided by 187029?
4
What is the remainder when 11931227 is divided by 384?
347
Calculate the remainder when 66151 is divided by 3674.
19
Calculate the remainder when 26391 is divided by 2190.
111
Calculate the remainder when 1775129 is divided by 206.
27
What is the remainder when 178784940 is divided by 89392463?
14
What is the remainder when 25492688 is divided by 148?
132
What is the remainder when 573302 is divided by 223?
192
What is the remainder when 383308 is divided by 383181?
127
What is the remainder when 2966075 is divided by 1803?
140
What is the remainder when 197322 is divided by 54?
6
What is the remainder when 527685 is divided by 527678?
7
Calculate the remainder when 140268 is divided by 598.
336
What is the remainder when 25819 is divided by 12233?
1353
Calculate the remainder when 15488 is divided by 14714.
774
What is the remainder when 37843027 is divided by 2347?
2346
What is the remainder when 1584020 is divided by 316799?
25
Calculate the remainder when 131535 is divided by 13948.
6003
What is the remainder when 51824875 is divided by 163?
3
What is the remainder when 46217459 is divided by 46217459?
0
Calculate the remainder when 300780 is divided by 9246.
4908
Calculate the remainder when 1177510842 is divided by 3529.
3528
Calculate the remainder when 201726325 is divided by 989.
984
What is the remainder when 1026821 is divided by 3?
2
What is the remainder when 611723 is divided by 67939?
272
What is the remainder when 160123 is divided by 1584?
139
What is the remainder when 11237347 is divided by 80?
67
What is the remainder when 1471243 is divided by 32694?
13
Calculate the remainder when 661053 is divided by 2112.
2109
Calculate the remainder when 560002 is divided by 31111.
4
Calculate the remainder when 15830191 is divided by 542.
539
Calculate the remainder when 3679638 is divided by 193664.
22
What is the remainder when 2978083 is divided by 23?
20
Calculate the remainder when 26868 is divided by 12510.
1848
What is the remainder when 236866773 is divided by 8?
5
What is the remainder when 318920 is divided by 6431?
3801
What is the remainder when 8355993 is divided by 1233?
1185
Calculate the remainder when 12089918 is divided by 31.
11
Calculate the remainder when 726172 is divided by 363078.
16
Calculate the remainder when 40107926 is divided by 812.
810
Calculate the remainder when 3416080 is divided by 142336.
16
Calculate the remainder when 156555 is divided by 80.
75
Calculate the remainder when 228644 is divided by 264.
20
Calculate the remainder when 173998256 is divided by 201.
194
Calculate the remainder when 499428 is divided by 11564.
2176
What is the remainder when 1003290 is divided by 143326?
8
Calculate the remainder when 4267235 is divided by 1199.
1193
Calculate the remainder when 440772 is divided by 713.
138
What is the remainder when 108562293 is divided by 8?
5
What is the remainder when 830007 is divided by 3990?
87
Calculate the remainder when 136490 is divided by 68131.
228
What is the remainder when 49916742 is divided by 2695?
2647
Calculate the remainder when 246100810 is divided by 219.
217
Calculate the remainder when 21320581 is divided by 5330137.
33
Calculate the remainder when 930696 is divided by 186.
138
What is the remainder when 160735 is divided by 4215?
565
What is the remainder when 13044890 is divided by 1555?
1550
What is the remainder when 510761 is divided by 4341?
2864
What is the remainder when 235522709 is divided by 4710454?
9
What is the remainder when 15538107 is divided by 7769048?
11
What is the remainder when 13506380 is divided by 58?
36
What is the remainder when 681113 is divided by 99?
92
Calculate the remainder when 495643374 is divided by 1426.
1424
What is the remainder when 41557627 is divided by 10389404?
11
Calculate the remainder when 1571380 is divided by 453.
376
What is the remainder when 181825 is divided by 181808?
17
Calculate the remainder when 6967944 is divided by 21374.
20
What is the remainder when 288274 is divided by 288174?
100
Calculate the remainder when 1927923 is divided by 1101.
72
What is the remainder when 52353 is divided by 11492?
6385
What is the remainder when 103493 is divided by 45?
38
Calculate the remainder when 2492420 is divided by 43726.
38
Calculate the remainder when 26016278 is divided by 313449.
11
What is the remainder when 484058 is divided by 2059?
193
Calculate the remainder when 18104169 is divided by 28.
13
Calculate the remainder when 339112 is divided by 213.
16
Calculate the remainder when 8409528 is divided by 8409492.
36
Calculate the remainder when 388194 is divided by 97034.
58
Calculate the remainder when 711137 is divided by 4417.
0
Calculate the remainder when 1159118 is divided by 498.
272
What is the remainder when 7415421 is divided by 16?
13
What is the remainder when 271939512 is divided by 135969751?
10
What is the remainder when 4255738 is divided by 710?
708
Calculate the remainder when 22233759 is divided by 17289.
105
Calculate the remainder when 2464751 is divided by 37.
33
Calculate the remainder when 442878 is divided by 4772.
3854
What is the remainder when 8039 is divided by 7401?
638
Calculate the remainder when 465887 is divided by 1004.
31
What is the remainder when 446301 is divided by 96?
93
Calculate the remainder when 1241090 is divided by 503.
189
What is the remainder when 256352328 is divided by 19?
15
Calculate the remainder when 285859 is divided by 374.
123
Calculate the remainder when 145154810 is divided by 8406.
2
Calculate the remainder when 10973717 is divided by 28727.
3
Calculate the remainder when 7239750 is divided by 9744.
9702
What is the remainder when 19966173 is divided by 2179?
2175
Calculate the remainder when 9255471 is divided by 361.
153
Calculate the remainder when 1442766 is divided by 230.
206
Calculate the remainder when 3630205 is divided by 3168.
2845
What is the remainder when 563075 is divided by 1478?
1435
What is the remainder when 7573338 is divided by 415?
3
Calculate the remainder when 2043199 is divided by 390.
379
Calculate the remainder when 4111398 is divided by 2696.
2694
What is the remainder when 1606109360 is divided by 3938?
3936
Calculate the remainder when 50579912 is divided by 1901.
5
What is the remainder when 441699 is divided by 7854?
1875
What is the remainder when 1889545 is divided by 472384?
9
Calculate the remainder when 21745748 is divided by 157.
149
What is the remainder when 2380144 is divided by 51?
25
What is the remainder when 1440594 is divided by 1893?
21
What is the remainder when 1529921 is divided by 319?
316
What is the remainder when 23410259 is divided by 449?
297
Calculate the remainder when 78502086 is divided by 88.
14
What is the remainder when 299390 is divided by 49860?
230
Calculate the remainder when 218482 is divided by 55.
22
Calculate the remainder when 15726912 is divided by 5242297.
21
What is the remainder when 372134 is divided by 8301?
6890
Calculate the remainder when 754046 is divided by 16756.
26
What is the remainder when 65204809 is divided by 982?
9
What is the remainder when 4588267 is divided by 8388?
31
What is the remainder when 1420840 is divided by 287?
190
Calculate the remainder when 3851513 is divided by 3264.
3257
Calculate the remainder when 810615 is divided by 2924.
667
Calculate the remainder when 60319 is divided by 6594.
973
What is the remainder when 1629058 is divided by 23?
14
What is the remainder when 418559 is divided by 190?
179
What is the remainder when 408187 is divided by 136044?
55
What is the remainder when 22287 is divided by 7159?
810
Calculate the remainder when 1840647 is divided by 48.
39
What is the remainder when 103759 is divided by 6252?
3727
What is the remainder when 49488320 is divided by 42?
14
What is the remainder when 46854381 is divided by 53?
49
What is the remainder when 4922009 is divided by 1264?
1257
Calculate the remainder when 68982 is divided by 174.
78
What is the remainder when 37545922 is divided by 52?
50
What is the remainder when 1591070 is divided by 27407?
1464
What is the remainder when 323716 is divided by 388?
124
Calculate the remainder when 64922 is divided by 59451.
5471
What is the remainder when 1236